mposite?
True
Is 11357267 a prime number?
False
Is 13978687 prime?
False
Is 8428601 composite?
False
Is 45323827 a composite number?
True
Is 8428019 prime?
False
Is 2928529 composite?
False
Is 3618917 prime?
False
Is 38218049 a composite number?
False
Is 14640529 prime?
True
Is 296189155 composite?
True
Is 83850947 a composite number?
True
Is 15364651 composite?
True
Is 102607 a prime number?
True
Is 7553999 a prime number?
False
Is 58230043 prime?
False
Is 2379067 a prime number?
True
Is 7974709 a composite number?
False
Is 366738947 a prime number?
False
Is 20901817 a prime number?
True
Is 1038379061 a prime number?
True
Is 11118131 a prime number?
False
Is 90872527 composite?
True
Is 2742617 a prime number?
False
Is 404989693 prime?
False
Is 4997995 prime?
False
Is 103644193 prime?
True
Is 30630161 a prime number?
True
Is 29503583 composite?
True
Is 1577899 a composite number?
True
Is 48452051 composite?
False
Is 229853 a composite number?
True
Is 16635323 prime?
True
Is 28305889 a prime number?
False
Is 2556331 a prime number?
True
Is 186793961 a prime number?
False
Is 28248581 a composite number?
True
Is 101742187 prime?
False
Is 39890023 prime?
False
Is 669970351 composite?
False
Is 3945563 a composite number?
True
Is 129519917 prime?
False
Is 535429 prime?
False
Is 235540873 a composite number?
False
Is 122496583 prime?
False
Is 93011173 composite?
False
Is 247034335 composite?
True
Is 1548094667 prime?
False
Is 15774091 a composite number?
False
Is 5440615 a composite number?
True
Is 62226739 composite?
False
Is 102465203 composite?
True
Is 1095779 a composite number?
False
Is 49498841 prime?
False
Is 28044799 a prime number?
False
Is 689713 prime?
True
Is 213104813 prime?
False
Is 3942223 a prime number?
False
Is 1106401 composite?
False
Is 58100117 a composite number?
False
Is 43927901 a prime number?
True
Is 3914143 prime?
True
Is 59543 composite?
True
Is 1230107 a composite number?
False
Is 5769833 a prime number?
True
Is 207572017 a prime number?
False
Is 662737 prime?
False
Is 88146701 a prime number?
True
Is 112524259 composite?
False
Is 35053465 a composite number?
True
Is 2296351 a composite number?
False
Is 18527981 prime?
False
Is 510684221 a prime number?
True
Is 63178754 a prime number?
False
Is 9956771 a composite number?
True
Is 219577 a prime number?
True
Is 4016707 a composite number?
True
Is 7505297 composite?
False
Is 84630659 prime?
False
Is 39800081 prime?
True
Is 26585929 a composite number?
False
Is 31414363 a prime number?
True
Is 1879417 a composite number?
True
Is 8871637 prime?
False
Is 18838789 a prime number?
True
Is 1212389 a composite number?
True
Is 60935029 composite?
False
Is 15397073 prime?
True
Is 470770621 composite?
True
Is 19547057 composite?
True
Is 563219311 composite?
False
Is 15413383 prime?
True
Is 551171 prime?
False
Is 38651033 a composite number?
False
Is 6330023 a prime number?
False
Is 57842819 prime?
True
Is 17520821 a composite number?
False
Is 193999 composite?
True
Is 602854067 a prime number?
True
Is 7552961 prime?
False
Is 53382539 a composite number?
True
Is 1811207 a composite number?
True
Is 14209457 a prime number?
False
Is 75690607 composite?
False
Is 1469147 a composite number?
False
Is 24545735 composite?
True
Is 7573301 composite?
True
Is 66395477 a prime number?
True
Is 120224131 a prime number?
True
Is 971549 a prime number?
True
Is 1405669 prime?
True
Is 79708913 a composite number?
False
Is 4200457 composite?
True
Is 4482047 composite?
False
Is 278041 prime?
True
Is 63327073 a prime number?
False
Is 553607 composite?
False
Is 146798149 prime?
False
Is 77496233 composite?
True
Is 274770451 composite?
False
Is 6807217 a composite number?
False
Is 66816637 a composite number?
True
Is 698129 a prime number?
False
Is 7495342 prime?
False
Is 817958 composite?
True
Is 4417847 prime?
False
Is 30737398 a prime number?
False
Is 26872187 a composite number?
False
Is 320417 a composite number?
False
Is 28249061 a composite number?
False
Is 532517 composite?
True
Is 11986237 prime?
True
Is 10450681 a prime number?
True
Is 735985 composite?
True
Is 68195249 prime?
False
Is 873429 a composite number?
True
Is 223617139 a composite number?
True
Is 8928805 composite?
True
Is 506819 prime?
False
Is 32042357 prime?
True
Is 7452113 composite?
True
Is 7658419 composite?
False
Is 27967391 a composite number?
False
Is 7565303 a prime number?
True
Is 219922951 a composite number?
False
Is 739493 composite?
False
Is 12182501 a prime number?
True
Is 23615078 composite?
True
Is 1728247 composite?
False
Is 5636611 a prime number?
False
Is 87042583 a composite number?
False
Is 552571 composite?
True
Is 103105009 a composite number?
True
Is 162271 prime?
False
Is 230459413 composite?
False
Is 1330649 a prime number?
True
Is 4919227 composite?
True
Is 15402337 prime?
True
Is 19961633 a composite number?
False
Is 4045883 composite?
False
Is 24732119 a prime number?
False
Is 46226623 composite?
False
Is 59711069 composite?
True
Is 36170969 prime?
True
Is 8485753 a prime number?
True
Is 9261241 composite?
True
Is 75400889 a prime number?
False
Is 1774909 composite?
False
Is 102908353 a prime number?
False
Is 1598039 prime?
True
Is 113471551 a composite number?
False
Is 7912477 a prime number?
True
Is 3532351 composite?
True
Is 195724543 composite?
True
Is 24511109 a prime number?
False
Is 88768487 prime?
True
Is 182977853 composite?
False
Is 2073503 prime?
False
Is 55751297 composite?
True
Is 4734329 composite?
False
Is 67599671 a composite number?
False
Is 1674181 composite?
False
Is 251228597 composite?
False
Is 7279117 composite?
False
Is 505811 composite?
False
Is 8847437 prime?
False
Is 870613 a composite number?
False
Is 1381397 a composite number?
False
Is 3861547 a composite number?
False
Is 2203801 composite?
False
Is 5923955 composite?
True
Is 5776949 composite?
False
Is 5343313 a prime number?
False
Is 110490299 prime?
True
Is 42225413 composite?
False
Is 1536265 composite?
True
Is 234353 composite?
True
Is 18387917 a prime number?
True
Is 72109 prime?
True
Is 148316529 a prime number?
False
Is 3078087 prime?
False
Is 500172247 a prime number?
True
Is 305570099 prime?
False
Is 62292247 a composite number?
True
Is 16378451 prime?
True
Is 22608667 a prime number?
False
Is 7591061 a prime number?
False
Is 218797 prime?
True
Is 9551251 a composite number?
False
Is 11364971 a composite number?
True
Is 4644301 composite?
True
Is 11243509 a composite number?
False
Is 102429091 a composite number?
False
Is 2940631 a prime number?
True
Is 15964061 composite?
False
Is 2226171 prime?
False
Is 26684863 a composite number?
False
Is 62587223 a prime number?
False
Is 103057867 composite?
True
Is 125107853 prime?
False
Is 10551397 prime?
True
Is 2603639 a prime number?
True
Is 114606371 a prime number?
False
Is 2194133 prime?
True
Is 62361839 prime?
True
Is 10608747 composite?
True
Is 59106247 a composite number?
False
Is 7026577 a composite number?
False
Is 2674838 composite?
True
Is 12654337 composite?
False
Is 7578407 a composite number?
False
Is 310852931 a composite number?
True
Is 500609 composite?
True
Is 23237039 a prime number?
False
Is 15808211 a composite number?
True
Is 3184807 prime?
True
Is 29705899 prime?
True
Is 38252633 a composite number?
False
Is 3890371 a composite number?
True
Is 10881073 a composite number?
True
Is 7095233 a prime number?
False
Is 11199235 a composite number?
True
Is 16952354 prime?
False
Is 106604177 composite?
True
Is 113830023 composite?
True
Is 5350922 a composite number?
True
Is 10204183 a composite number?
True
Is 6150733 a composite number?
False
Is 10924541 a prime number?
True
Is 38023 prime?
False
Is 11040443 composite?
True
Is 274997999 a prime number?
True
Is 35619137 prime?
True
Is 84109037 a prime number?
False
Is 2432557 prime?
True
Is 2986329 prime?
False
Is 135490747 composite?
True
Is 48168943 composite?
False
Is 15044303 prime?
False
Is 406849 a prime number?
False
Is 123166633 a composite number?
True
Is 5190407 a composite number?
True
Is 20909067 prime?
False
Is 9925109 prime?
True
Is 13526059 a prime number?
True
Is 447677 composite?
False
Is 10357 a prime number?
True
Is 5228473 prime?
True
Is 8317069 composite?
False
Is 3885031 composite?
Fa